{"id":1217,"date":"2025-03-26T11:10:55","date_gmt":"2025-03-26T10:10:55","guid":{"rendered":"https:\/\/flo.org.pl\/?page_id=1217"},"modified":"2026-01-13T21:33:30","modified_gmt":"2026-01-13T20:33:30","slug":"otylosc-to-choroba-nie-oceniaj-nie-odchudzaj-tylko-lecz-powiklaniom-otylosci-mowimy-nie","status":"publish","type":"page","link":"https:\/\/flo.org.pl\/index.php\/otylosc-to-choroba-nie-oceniaj-nie-odchudzaj-tylko-lecz-powiklaniom-otylosci-mowimy-nie\/","title":{"rendered":"Poznaj materia\u0142y II edycji kampanii &#8222;Oty\u0142o\u015b\u0107 to choroba. Nie oceniaj, nie odchudzaj, tylko lecz&#8221;."},"content":{"rendered":"\t\t<div data-elementor-type=\"wp-page\" data-elementor-id=\"1217\" class=\"elementor elementor-1217\">\n\t\t\t\t<div class=\"elementor-element elementor-element-870be14 e-flex e-con-boxed e-con e-parent\" data-id=\"870be14\" data-element_type=\"container\">\n\t\t\t\t\t<div class=\"e-con-inner\">\n\t\t<div class=\"elementor-element elementor-element-5a3a31b e-grid e-con-full e-con e-child\" data-id=\"5a3a31b\" data-element_type=\"container\">\n\t\t\t\t<div class=\"elementor-element elementor-element-37c9bed eael-infobox-content-align--center eael-infobox-shape-square eael-infobox-hover-img-shape-square elementor-widget elementor-widget-eael-info-box\" data-id=\"37c9bed\" data-element_type=\"widget\" data-widget_type=\"eael-info-box.default\">\n\t\t\t\t\t        <div class=\"eael-infobox icon-on-top\">\n\t            <div class=\"infobox-icon\">\n\n                            <img decoding=\"async\" src=\"\" alt=\"\">\n            \n            \n            \n        <\/div>\n            <div class=\"infobox-content\">\n                    <div class=\"infobox-title-section\">\n                <h4 class=\"title\">INFORMACJE PRASOWE<\/h4>            <\/div>\n                    <div class=\"infobox-button\">\n            <a class=\"eael-infobox-button\" href=\"https:\/\/flo.org.pl\/index.php\/informacje-prasowe\">\n                                                <span class=\"infobox-button-text\">Sprawd\u017a<\/span>\n                            <\/a>\n        <\/div>\n            <\/div>\n            <\/div>\n\n\t\t\t\t\t\t<\/div>\n\t\t\t\t<div class=\"elementor-element elementor-element-9c1541c eael-infobox-content-align--center eael-infobox-shape-square eael-infobox-hover-img-shape-square elementor-widget elementor-widget-eael-info-box\" data-id=\"9c1541c\" data-element_type=\"widget\" data-widget_type=\"eael-info-box.default\">\n\t\t\t\t\t        <div class=\"eael-infobox icon-on-top\">\n\t            <div class=\"infobox-icon\">\n\n                            <img decoding=\"async\" src=\"\" alt=\"\">\n            \n            \n            \n        <\/div>\n            <div class=\"infobox-content\">\n                    <div class=\"infobox-title-section\">\n                <h4 class=\"title\">MATERIA\u0141Y EDUKACYJNE<\/h4>            <\/div>\n                    <div class=\"infobox-button\">\n            <a class=\"eael-infobox-button\" href=\"https:\/\/flo.org.pl\/index.php\/materialy-edukacyjne-2\">\n                                                <span class=\"infobox-button-text\">Sprawd\u017a<\/span>\n                            <\/a>\n        <\/div>\n            <\/div>\n            <\/div>\n\n\t\t\t\t\t\t<\/div>\n\t\t\t\t<div class=\"elementor-element elementor-element-c2309e4 eael-infobox-content-align--center eael-infobox-shape-square eael-infobox-hover-img-shape-square elementor-widget elementor-widget-eael-info-box\" data-id=\"c2309e4\" data-element_type=\"widget\" data-widget_type=\"eael-info-box.default\">\n\t\t\t\t\t        <div class=\"eael-infobox icon-on-top\">\n\t            <div class=\"infobox-icon\">\n\n                            <img decoding=\"async\" src=\"\" alt=\"\">\n            \n            \n            \n        <\/div>\n            <div class=\"infobox-content\">\n                    <div class=\"infobox-title-section\">\n                <h4 class=\"title\">BROSZURY EDUKACYJNE<\/h4>            <\/div>\n                    <div class=\"infobox-button\">\n            <a class=\"eael-infobox-button\" href=\"https:\/\/flo.org.pl\/index.php\/broszury-edukacyjne\/\">\n                                                <span class=\"infobox-button-text\">Sprawd\u017a<\/span>\n                            <\/a>\n        <\/div>\n            <\/div>\n            <\/div>\n\n\t\t\t\t\t\t<\/div>\n\t\t\t\t<div class=\"elementor-element elementor-element-35a6d1a eael-infobox-content-align--center eael-infobox-shape-square eael-infobox-hover-img-shape-square elementor-widget elementor-widget-eael-info-box\" data-id=\"35a6d1a\" data-element_type=\"widget\" data-widget_type=\"eael-info-box.default\">\n\t\t\t\t\t        <div class=\"eael-infobox icon-on-top\">\n\t            <div class=\"infobox-icon\">\n\n                            <img decoding=\"async\" src=\"\" alt=\"\">\n            \n            \n            \n        <\/div>\n            <div class=\"infobox-content\">\n                    <div class=\"infobox-title-section\">\n                <h4 class=\"title\">INFOGRAFIKI<\/h4>            <\/div>\n                    <div class=\"infobox-button\">\n            <a class=\"eael-infobox-button\" href=\"https:\/\/flo.org.pl\/index.php\/infografiki\/\">\n                                                <span class=\"infobox-button-text\">Sprawd\u017a<\/span>\n                            <\/a>\n        <\/div>\n            <\/div>\n            <\/div>\n\n\t\t\t\t\t\t<\/div>\n\t\t\t\t<\/div>\n\t\t<div class=\"elementor-element elementor-element-0dec65a e-con-full e-flex e-con e-child\" data-id=\"0dec65a\" data-element_type=\"container\">\n\t\t<div class=\"elementor-element elementor-element-a63cdf5 e-con-full e-flex e-con e-child\" data-id=\"a63cdf5\" data-element_type=\"container\">\n\t\t\t\t<div class=\"elementor-element elementor-element-26ba75c eael-infobox-content-align--center eael-infobox-shape-square eael-infobox-hover-img-shape-square elementor-widget elementor-widget-eael-info-box\" data-id=\"26ba75c\" data-element_type=\"widget\" data-widget_type=\"eael-info-box.default\">\n\t\t\t\t\t        <div class=\"eael-infobox icon-on-top\">\n\t            <div class=\"infobox-icon\">\n\n                            <img decoding=\"async\" src=\"\" alt=\"\">\n            \n            \n            \n        <\/div>\n            <div class=\"infobox-content\">\n                    <div class=\"infobox-title-section\">\n                <h4 class=\"title\">VIDEO<\/h4>            <\/div>\n                    <div class=\"infobox-button\">\n            <a class=\"eael-infobox-button\" href=\"https:\/\/flo.org.pl\/index.php\/video\">\n                                                <span class=\"infobox-button-text\">Sprawd\u017a<\/span>\n                            <\/a>\n        <\/div>\n            <\/div>\n            <\/div>\n\n\t\t\t\t\t\t<\/div>\n\t\t\t\t<\/div>\n\t\t<div class=\"elementor-element elementor-element-24d7824 e-con-full e-flex e-con e-child\" data-id=\"24d7824\" data-element_type=\"container\">\n\t\t\t\t<div class=\"elementor-element elementor-element-1bdcbf1 eael-infobox-content-align--center eael-infobox-shape-square eael-infobox-hover-img-shape-square elementor-widget elementor-widget-eael-info-box\" data-id=\"1bdcbf1\" data-element_type=\"widget\" data-widget_type=\"eael-info-box.default\">\n\t\t\t\t\t        <div class=\"eael-infobox icon-on-top\">\n\t            <div class=\"infobox-icon\">\n\n                            <img decoding=\"async\" src=\"\" alt=\"\">\n            \n            \n            \n        <\/div>\n            <div class=\"infobox-content\">\n                    <div class=\"infobox-title-section\">\n                <h4 class=\"title\">AKADEMIA PACJENTA Z CHOROB\u0104 OTY\u0141O\u015aCIOW\u0104<\/h4>            <\/div>\n                    <div class=\"infobox-button\">\n            <a class=\"eael-infobox-button\" href=\"https:\/\/flo.org.pl\/index.php\/akademia-pacjenta-z-choroba-otylosciowa\">\n                                                <span class=\"infobox-button-text\">Sprawd\u017a<\/span>\n                            <\/a>\n        <\/div>\n            <\/div>\n            <\/div>\n\n\t\t\t\t\t\t<\/div>\n\t\t\t\t<\/div>\n\t\t<div class=\"elementor-element elementor-element-9894886 e-con-full e-flex e-con e-child\" data-id=\"9894886\" data-element_type=\"container\">\n\t\t\t\t<div class=\"elementor-element elementor-element-cb59dfd eael-infobox-content-align--center eael-infobox-shape-square eael-infobox-hover-img-shape-square elementor-widget elementor-widget-eael-info-box\" data-id=\"cb59dfd\" data-element_type=\"widget\" data-widget_type=\"eael-info-box.default\">\n\t\t\t\t\t        <div class=\"eael-infobox icon-on-top\">\n\t            <div class=\"infobox-icon\">\n\n                            <img decoding=\"async\" src=\"\" alt=\"\">\n            \n            \n            \n        <\/div>\n            <div class=\"infobox-content\">\n                    <div class=\"infobox-title-section\">\n                <h4 class=\"title\">PODCAST E66.0<\/h4>            <\/div>\n                    <div class=\"infobox-button\">\n            <a class=\"eael-infobox-button\" href=\"https:\/\/flo.org.pl\/index.php\/podcast\">\n                                                <span class=\"infobox-button-text\">Sprawd\u017a<\/span>\n                            <\/a>\n        <\/div>\n            <\/div>\n            <\/div>\n\n\t\t\t\t\t\t<\/div>\n\t\t\t\t<\/div>\n\t\t\t\t<\/div>\n\t\t\t\t\t<\/div>\n\t\t\t\t<\/div>\n\t\t<div class=\"elementor-element elementor-element-5ad36e5c e-flex e-con-boxed e-con e-parent\" data-id=\"5ad36e5c\" data-element_type=\"container\">\n\t\t\t\t\t<div class=\"e-con-inner\">\n\t\t\t\t<div class=\"elementor-element elementor-element-3e4a6ca2 elementor-widget elementor-widget-text-editor\" data-id=\"3e4a6ca2\" data-element_type=\"widget\" data-widget_type=\"text-editor.default\">\n\t\t\t\t\t\t\t\t\t<figure class=\"wp-block-embed aligncenter is-type-wp-embed is-provider-osadzona-tre wp-block-embed-osadzona-tre\"><\/figure>\n<p>\u00a0<\/p>\n<p id=\"ember1290\">\u00a0<\/p>\n<!-- \/wp:paragraph --><!-- wp:image {\"id\":1223,\"sizeSlug\":\"large\",\"linkDestination\":\"none\",\"align\":\"center\"} -->\n<figure class=\"wp-block-image aligncenter size-large\"><img fetchpriority=\"high\" decoding=\"async\" width=\"1024\" height=\"576\" class=\"wp-image-1223\" src=\"https:\/\/flo.org.pl\/wp-content\/uploads\/2025\/03\/YT_1920x1080-1024x576.png\" alt=\"\" srcset=\"https:\/\/flo.org.pl\/wp-content\/uploads\/2025\/03\/YT_1920x1080-1024x576.png 1024w, https:\/\/flo.org.pl\/wp-content\/uploads\/2025\/03\/YT_1920x1080-300x169.png 300w, https:\/\/flo.org.pl\/wp-content\/uploads\/2025\/03\/YT_1920x1080-768x432.png 768w, https:\/\/flo.org.pl\/wp-content\/uploads\/2025\/03\/YT_1920x1080-1536x864.png 1536w, https:\/\/flo.org.pl\/wp-content\/uploads\/2025\/03\/YT_1920x1080.png 1920w\" sizes=\"(max-width: 1024px) 100vw, 1024px\" \/><\/figure>\n<!-- \/wp:image --><!-- wp:paragraph -->\n<p>\u00a0<\/p>\n<!-- \/wp:paragraph -->\t\t\t\t\t\t\t\t<\/div>\n\t\t\t\t\t<\/div>\n\t\t\t\t<\/div>\n\t\t<div class=\"elementor-element elementor-element-d4e129d e-flex e-con-boxed e-con e-parent\" data-id=\"d4e129d\" data-element_type=\"container\">\n\t\t\t\t\t<div class=\"e-con-inner\">\n\t\t\t\t\t<\/div>\n\t\t\t\t<\/div>\n\t\t\t\t<\/div>\n\t\t","protected":false},"excerpt":{"rendered":"<p>INFORMACJE PRASOWE Sprawd\u017a MATERIA\u0141Y EDUKACYJNE Sprawd\u017a BROSZURY EDUKACYJNE Sprawd\u017a INFOGRAFIKI Sprawd\u017a VIDEO Sprawd\u017a AKADEMIA PACJENTA Z CHOROB\u0104 OTY\u0141O\u015aCIOW\u0104 Sprawd\u017a PODCAST E66.0 Sprawd\u017a \u00a0 \u00a0 \u00a0<\/p>\n","protected":false},"author":5,"featured_media":1408,"parent":0,"menu_order":0,"comment_status":"closed","ping_status":"closed","template":"","meta":{"footnotes":""},"class_list":["post-1217","page","type-page","status-publish","has-post-thumbnail","hentry","has-meta has-sticky-meta"],"rttpg_featured_image_url":{"full":["https:\/\/flo.org.pl\/wp-content\/uploads\/2025\/03\/PH.png",1920,1080,false],"landscape":["https:\/\/flo.org.pl\/wp-content\/uploads\/2025\/03\/PH.png",1920,1080,false],"portraits":["https:\/\/flo.org.pl\/wp-content\/uploads\/2025\/03\/PH.png",1920,1080,false],"thumbnail":["https:\/\/flo.org.pl\/wp-content\/uploads\/2025\/03\/PH-150x150.png",150,150,true],"medium":["https:\/\/flo.org.pl\/wp-content\/uploads\/2025\/03\/PH-300x169.png",300,169,true],"large":["https:\/\/flo.org.pl\/wp-content\/uploads\/2025\/03\/PH-1024x576.png",740,416,true],"post-slider-thumb-size":["https:\/\/flo.org.pl\/wp-content\/uploads\/2025\/03\/PH-330x190.png",330,190,true],"post-category-slider-size":["https:\/\/flo.org.pl\/wp-content\/uploads\/2025\/03\/PH-330x350.png",330,350,true],"1536x1536":["https:\/\/flo.org.pl\/wp-content\/uploads\/2025\/03\/PH-1536x864.png",1536,864,true],"2048x2048":["https:\/\/flo.org.pl\/wp-content\/uploads\/2025\/03\/PH.png",1920,1080,false],"coachpress-lite-classic":["https:\/\/flo.org.pl\/wp-content\/uploads\/2025\/03\/PH-700x433.png",700,433,true],"coachpress-lite-classic-full":["https:\/\/flo.org.pl\/wp-content\/uploads\/2025\/03\/PH-1170x724.png",1170,724,true],"coachpress-lite-grid":["https:\/\/flo.org.pl\/wp-content\/uploads\/2025\/03\/PH-320x198.png",320,198,true],"coachpress-lite-grid-full":["https:\/\/flo.org.pl\/wp-content\/uploads\/2025\/03\/PH-535x331.png",535,331,true],"coachpress-lite-promo":["https:\/\/flo.org.pl\/wp-content\/uploads\/2025\/03\/PH-370x424.png",370,424,true],"coachpress-lite-service":["https:\/\/flo.org.pl\/wp-content\/uploads\/2025\/03\/PH-544x350.png",544,350,true],"coachpress-lite-client":["https:\/\/flo.org.pl\/wp-content\/uploads\/2025\/03\/PH-330x190.png",330,190,true],"coachpress-lite-slider":["https:\/\/flo.org.pl\/wp-content\/uploads\/2025\/03\/PH-1161x550.png",1161,550,true],"coachpress-lite-single":["https:\/\/flo.org.pl\/wp-content\/uploads\/2025\/03\/PH-740x456.png",740,456,true],"coachpress-lite-single-full":["https:\/\/flo.org.pl\/wp-content\/uploads\/2025\/03\/PH-1170x768.png",1170,768,true]},"rttpg_author":{"display_name":"Ewa Godlewska","author_link":"https:\/\/flo.org.pl\/index.php\/author\/ewa-godlewska\/"},"rttpg_comment":0,"rttpg_category":null,"rttpg_excerpt":"INFORMACJE PRASOWE Sprawd\u017a MATERIA\u0141Y EDUKACYJNE Sprawd\u017a BROSZURY EDUKACYJNE Sprawd\u017a INFOGRAFIKI Sprawd\u017a VIDEO Sprawd\u017a AKADEMIA PACJENTA Z CHOROB\u0104 OTY\u0141O\u015aCIOW\u0104 Sprawd\u017a PODCAST E66.0 Sprawd\u017a \u00a0 \u00a0 \u00a0","_links":{"self":[{"href":"https:\/\/flo.org.pl\/index.php\/wp-json\/wp\/v2\/pages\/1217","targetHints":{"allow":["GET"]}}],"collection":[{"href":"https:\/\/flo.org.pl\/index.php\/wp-json\/wp\/v2\/pages"}],"about":[{"href":"https:\/\/flo.org.pl\/index.php\/wp-json\/wp\/v2\/types\/page"}],"author":[{"embeddable":true,"href":"https:\/\/flo.org.pl\/index.php\/wp-json\/wp\/v2\/users\/5"}],"replies":[{"embeddable":true,"href":"https:\/\/flo.org.pl\/index.php\/wp-json\/wp\/v2\/comments?post=1217"}],"version-history":[{"count":87,"href":"https:\/\/flo.org.pl\/index.php\/wp-json\/wp\/v2\/pages\/1217\/revisions"}],"predecessor-version":[{"id":2577,"href":"https:\/\/flo.org.pl\/index.php\/wp-json\/wp\/v2\/pages\/1217\/revisions\/2577"}],"wp:featuredmedia":[{"embeddable":true,"href":"https:\/\/flo.org.pl\/index.php\/wp-json\/wp\/v2\/media\/1408"}],"wp:attachment":[{"href":"https:\/\/flo.org.pl\/index.php\/wp-json\/wp\/v2\/media?parent=1217"}],"curies":[{"name":"wp","href":"https:\/\/api.w.org\/{rel}","templated":true}]}}