{"id":2546,"date":"2026-01-13T21:10:07","date_gmt":"2026-01-13T20:10:07","guid":{"rendered":"https:\/\/flo.org.pl\/?page_id=2546"},"modified":"2026-01-13T21:21:52","modified_gmt":"2026-01-13T20:21:52","slug":"informacje-prasowe","status":"publish","type":"page","link":"https:\/\/flo.org.pl\/index.php\/informacje-prasowe\/","title":{"rendered":"Informacje Prasowe"},"content":{"rendered":"\t\t<div data-elementor-type=\"wp-page\" data-elementor-id=\"2546\" class=\"elementor elementor-2546\">\n\t\t\t\t<div class=\"elementor-element elementor-element-048820c e-flex e-con-boxed e-con e-parent\" data-id=\"048820c\" data-element_type=\"container\" data-settings=\"{&quot;background_background&quot;:&quot;classic&quot;}\">\n\t\t\t\t\t<div class=\"e-con-inner\">\n\t\t\t\t<div class=\"elementor-element elementor-element-a2a8d7e elementor-widget elementor-widget-heading\" data-id=\"a2a8d7e\" data-element_type=\"widget\" data-widget_type=\"heading.default\">\n\t\t\t\t\t<h2 class=\"elementor-heading-title elementor-size-default\">Informacje prasowe<\/h2>\t\t\t\t<\/div>\n\t\t\t\t\t<\/div>\n\t\t\t\t<\/div>\n\t\t<div class=\"elementor-element elementor-element-403402b e-flex e-con-boxed e-con e-parent\" data-id=\"403402b\" data-element_type=\"container\">\n\t\t\t\t\t<div class=\"e-con-inner\">\n\t\t\t\t<div class=\"elementor-element elementor-element-664bb13 elementor-grid-eael-col-3 elementor-grid-tablet-eael-col-2 elementor-grid-mobile-eael-col-1 elementor-widget elementor-widget-eael-post-grid\" data-id=\"664bb13\" data-element_type=\"widget\" data-settings=\"{&quot;eael_post_grid_columns&quot;:&quot;eael-col-3&quot;,&quot;eael_post_grid_columns_tablet&quot;:&quot;eael-col-2&quot;,&quot;eael_post_grid_columns_mobile&quot;:&quot;eael-col-1&quot;}\" data-widget_type=\"eael-post-grid.default\">\n\t\t\t\t\t<div id=\"eael-post-grid-664bb13\" class=\"eael-post-grid-container\">\n            <div class=\"eael-post-grid eael-post-appender eael-post-appender-664bb13 eael-post-grid-style-one\" data-layout-mode=\"masonry\"><article class=\"eael-grid-post eael-post-grid-column\" data-id=\"1198\">\n        <div class=\"eael-grid-post-holder\">\n            <div class=\"eael-grid-post-holder-inner\"><div class=\"eael-entry-media\"><div class=\"eael-entry-overlay fade-in\"><i class=\"fas fa-long-arrow-alt-right\" aria-hidden=\"true\"><\/i><a href=\"https:\/\/flo.org.pl\/index.php\/2025\/03\/07\/okragly-stol-ekspertow-w-senacie-rp-z-okazji-swiatowego-dnia-otylosci\/\"><\/a><\/div><div class=\"eael-entry-thumbnail \">\n                <img fetchpriority=\"high\" decoding=\"async\" width=\"740\" height=\"416\" src=\"https:\/\/flo.org.pl\/wp-content\/uploads\/2025\/03\/20250306_110804502_iOS-1024x576.jpg\" class=\"attachment-large size-large wp-image-1200\" alt=\"\" srcset=\"https:\/\/flo.org.pl\/wp-content\/uploads\/2025\/03\/20250306_110804502_iOS-1024x576.jpg 1024w, https:\/\/flo.org.pl\/wp-content\/uploads\/2025\/03\/20250306_110804502_iOS-300x169.jpg 300w, https:\/\/flo.org.pl\/wp-content\/uploads\/2025\/03\/20250306_110804502_iOS-768x432.jpg 768w, https:\/\/flo.org.pl\/wp-content\/uploads\/2025\/03\/20250306_110804502_iOS-1536x864.jpg 1536w, https:\/\/flo.org.pl\/wp-content\/uploads\/2025\/03\/20250306_110804502_iOS-2048x1152.jpg 2048w\" sizes=\"(max-width: 740px) 100vw, 740px\" \/>\n            <\/div>\n        <\/div><div class=\"eael-entry-wrapper\"><header class=\"eael-entry-header\"><h2 class=\"eael-entry-title\"><a class=\"eael-grid-post-link\" href=\"https:\/\/flo.org.pl\/index.php\/2025\/03\/07\/okragly-stol-ekspertow-w-senacie-rp-z-okazji-swiatowego-dnia-otylosci\/\" title=\"\u201eOkr\u0105g\u0142y St\u00f3\u0142 Ekspert\u00f3w\u201d w Senacie RP z okazji \u015awiatowego Dnia Oty\u0142o\u015bci\">\u201eOkr\u0105g\u0142y St\u00f3\u0142 Ekspert\u00f3w\u201d w Senacie RP z okazji \u015awiatowego Dnia Oty\u0142o\u015bci<\/a><\/h2><\/header><div class=\"eael-entry-content\">\n                        <div class=\"eael-grid-post-excerpt\"><p>Z okazji \u015awiatowego Dnia Oty\u0142o\u015bci 6 marca w Senacie RP...<\/p><a href=\"https:\/\/flo.org.pl\/index.php\/2025\/03\/07\/okragly-stol-ekspertow-w-senacie-rp-z-okazji-swiatowego-dnia-otylosci\/\" class=\"eael-post-elements-readmore-btn\">Read More<\/a><\/div>\n                    <\/div><div class=\"eael-entry-footer\"><div class=\"eael-author-avatar\"><a href=\"https:\/\/flo.org.pl\/index.php\/author\/ewa-godlewska\/\"><img alt='Ewa Godlewska' src='https:\/\/secure.gravatar.com\/avatar\/4e5370b4d13331392076bddd861dc0d39cd29a56a7b9def2b3c5024043f6e894?s=96&#038;d=mm&#038;r=g' srcset='https:\/\/secure.gravatar.com\/avatar\/4e5370b4d13331392076bddd861dc0d39cd29a56a7b9def2b3c5024043f6e894?s=192&#038;d=mm&#038;r=g 2x' class='avatar avatar-96 photo' height='96' width='96' \/><\/a><\/div><div class=\"eael-entry-meta\"><span class=\"eael-posted-by\"><a href=\"https:\/\/flo.org.pl\/index.php\/author\/ewa-godlewska\/\" title=\"Wpisy od Ewa Godlewska\" rel=\"author\">Ewa Godlewska<\/a><\/span><span class=\"eael-posted-on\"><time datetime=\"2025-03-07\">2025-03-07<\/time><\/span><\/div><\/div><\/div><\/div>\n        <\/div>\n    <\/article><article class=\"eael-grid-post eael-post-grid-column\" data-id=\"1178\">\n        <div class=\"eael-grid-post-holder\">\n            <div class=\"eael-grid-post-holder-inner\"><div class=\"eael-entry-media\"><div class=\"eael-entry-overlay fade-in\"><i class=\"fas fa-long-arrow-alt-right\" aria-hidden=\"true\"><\/i><a href=\"https:\/\/flo.org.pl\/index.php\/2025\/03\/06\/gra-w-klasy-w-senacie-rp-6-marca-2025\/\"><\/a><\/div><div class=\"eael-entry-thumbnail \">\n                <img decoding=\"async\" width=\"740\" height=\"416\" src=\"https:\/\/flo.org.pl\/wp-content\/uploads\/2025\/03\/20250306_105348119_iOS-1024x576.jpg\" class=\"attachment-large size-large wp-image-1185\" alt=\"\" srcset=\"https:\/\/flo.org.pl\/wp-content\/uploads\/2025\/03\/20250306_105348119_iOS-1024x576.jpg 1024w, https:\/\/flo.org.pl\/wp-content\/uploads\/2025\/03\/20250306_105348119_iOS-300x169.jpg 300w, https:\/\/flo.org.pl\/wp-content\/uploads\/2025\/03\/20250306_105348119_iOS-768x432.jpg 768w, https:\/\/flo.org.pl\/wp-content\/uploads\/2025\/03\/20250306_105348119_iOS-1536x864.jpg 1536w, https:\/\/flo.org.pl\/wp-content\/uploads\/2025\/03\/20250306_105348119_iOS-2048x1152.jpg 2048w\" sizes=\"(max-width: 740px) 100vw, 740px\" \/>\n            <\/div>\n        <\/div><div class=\"eael-entry-wrapper\"><header class=\"eael-entry-header\"><h2 class=\"eael-entry-title\"><a class=\"eael-grid-post-link\" href=\"https:\/\/flo.org.pl\/index.php\/2025\/03\/06\/gra-w-klasy-w-senacie-rp-6-marca-2025\/\" title=\"Gra w klasy w Senacie RP \u2013 6 marca 2025\">Gra w klasy w Senacie RP \u2013 6 marca 2025<\/a><\/h2><\/header><div class=\"eael-entry-content\">\n                        <div class=\"eael-grid-post-excerpt\"><p>\u201eOty\u0142o\u015b\u0107 to dopiero pocz\u0105tek\u201d \u2013 pod takim has\u0142em zorganizowali\u015bmy akcj\u0119...<\/p><a href=\"https:\/\/flo.org.pl\/index.php\/2025\/03\/06\/gra-w-klasy-w-senacie-rp-6-marca-2025\/\" class=\"eael-post-elements-readmore-btn\">Read More<\/a><\/div>\n                    <\/div><div class=\"eael-entry-footer\"><div class=\"eael-author-avatar\"><a href=\"https:\/\/flo.org.pl\/index.php\/author\/ewa-godlewska\/\"><img alt='Ewa Godlewska' src='https:\/\/secure.gravatar.com\/avatar\/4e5370b4d13331392076bddd861dc0d39cd29a56a7b9def2b3c5024043f6e894?s=96&#038;d=mm&#038;r=g' srcset='https:\/\/secure.gravatar.com\/avatar\/4e5370b4d13331392076bddd861dc0d39cd29a56a7b9def2b3c5024043f6e894?s=192&#038;d=mm&#038;r=g 2x' class='avatar avatar-96 photo' height='96' width='96' \/><\/a><\/div><div class=\"eael-entry-meta\"><span class=\"eael-posted-by\"><a href=\"https:\/\/flo.org.pl\/index.php\/author\/ewa-godlewska\/\" title=\"Wpisy od Ewa Godlewska\" rel=\"author\">Ewa Godlewska<\/a><\/span><span class=\"eael-posted-on\"><time datetime=\"2025-03-06\">2025-03-06<\/time><\/span><\/div><\/div><\/div><\/div>\n        <\/div>\n    <\/article><article class=\"eael-grid-post eael-post-grid-column\" data-id=\"1153\">\n        <div class=\"eael-grid-post-holder\">\n            <div class=\"eael-grid-post-holder-inner\"><div class=\"eael-entry-media\"><div class=\"eael-entry-overlay fade-in\"><i class=\"fas fa-long-arrow-alt-right\" aria-hidden=\"true\"><\/i><a href=\"https:\/\/flo.org.pl\/index.php\/2025\/03\/05\/otwarcie-wystawy-w-sejmie-swiatowy-dzien-otylosci\/\"><\/a><\/div><div class=\"eael-entry-thumbnail \">\n                <img decoding=\"async\" width=\"740\" height=\"494\" src=\"https:\/\/flo.org.pl\/wp-content\/uploads\/2025\/03\/pimo0712_54368725936_o-1024x683.jpg\" class=\"attachment-large size-large wp-image-1159\" alt=\"\" srcset=\"https:\/\/flo.org.pl\/wp-content\/uploads\/2025\/03\/pimo0712_54368725936_o-1024x683.jpg 1024w, https:\/\/flo.org.pl\/wp-content\/uploads\/2025\/03\/pimo0712_54368725936_o-300x200.jpg 300w, https:\/\/flo.org.pl\/wp-content\/uploads\/2025\/03\/pimo0712_54368725936_o-768x512.jpg 768w, https:\/\/flo.org.pl\/wp-content\/uploads\/2025\/03\/pimo0712_54368725936_o-1536x1024.jpg 1536w, https:\/\/flo.org.pl\/wp-content\/uploads\/2025\/03\/pimo0712_54368725936_o-2048x1365.jpg 2048w\" sizes=\"(max-width: 740px) 100vw, 740px\" \/>\n            <\/div>\n        <\/div><div class=\"eael-entry-wrapper\"><header class=\"eael-entry-header\"><h2 class=\"eael-entry-title\"><a class=\"eael-grid-post-link\" href=\"https:\/\/flo.org.pl\/index.php\/2025\/03\/05\/otwarcie-wystawy-w-sejmie-swiatowy-dzien-otylosci\/\" title=\"Otwarcie wystawy w Sejmie. \u015awiatowy Dzie\u0144 Oty\u0142o\u015bci\">Otwarcie wystawy w Sejmie. \u015awiatowy Dzie\u0144 Oty\u0142o\u015bci<\/a><\/h2><\/header><div class=\"eael-entry-content\">\n                        <div class=\"eael-grid-post-excerpt\"><p>Rok temu zrobili\u015bmy pierwszy wielki krok, byli\u015bmy z nasz\u0105 wystaw\u0105...<\/p><a href=\"https:\/\/flo.org.pl\/index.php\/2025\/03\/05\/otwarcie-wystawy-w-sejmie-swiatowy-dzien-otylosci\/\" class=\"eael-post-elements-readmore-btn\">Read More<\/a><\/div>\n                    <\/div><div class=\"eael-entry-footer\"><div class=\"eael-author-avatar\"><a href=\"https:\/\/flo.org.pl\/index.php\/author\/ewa-godlewska\/\"><img alt='Ewa Godlewska' src='https:\/\/secure.gravatar.com\/avatar\/4e5370b4d13331392076bddd861dc0d39cd29a56a7b9def2b3c5024043f6e894?s=96&#038;d=mm&#038;r=g' srcset='https:\/\/secure.gravatar.com\/avatar\/4e5370b4d13331392076bddd861dc0d39cd29a56a7b9def2b3c5024043f6e894?s=192&#038;d=mm&#038;r=g 2x' class='avatar avatar-96 photo' height='96' width='96' \/><\/a><\/div><div class=\"eael-entry-meta\"><span class=\"eael-posted-by\"><a href=\"https:\/\/flo.org.pl\/index.php\/author\/ewa-godlewska\/\" title=\"Wpisy od Ewa Godlewska\" rel=\"author\">Ewa Godlewska<\/a><\/span><span class=\"eael-posted-on\"><time datetime=\"2025-03-05\">2025-03-05<\/time><\/span><\/div><\/div><\/div><\/div>\n        <\/div>\n    <\/article><article class=\"eael-grid-post eael-post-grid-column\" data-id=\"1256\">\n        <div class=\"eael-grid-post-holder\">\n            <div class=\"eael-grid-post-holder-inner\"><div class=\"eael-entry-media\"><div class=\"eael-entry-overlay fade-in\"><i class=\"fas fa-long-arrow-alt-right\" aria-hidden=\"true\"><\/i><a href=\"https:\/\/flo.org.pl\/index.php\/2025\/03\/04\/1256\/\"><\/a><\/div><div class=\"eael-entry-thumbnail \">\n                <img loading=\"lazy\" decoding=\"async\" width=\"740\" height=\"620\" src=\"https:\/\/flo.org.pl\/wp-content\/uploads\/2025\/03\/kampaniastronanapis.png\" class=\"attachment-large size-large wp-image-1222\" alt=\"\" srcset=\"https:\/\/flo.org.pl\/wp-content\/uploads\/2025\/03\/kampaniastronanapis.png 940w, https:\/\/flo.org.pl\/wp-content\/uploads\/2025\/03\/kampaniastronanapis-300x251.png 300w, https:\/\/flo.org.pl\/wp-content\/uploads\/2025\/03\/kampaniastronanapis-768x644.png 768w\" sizes=\"(max-width: 740px) 100vw, 740px\" \/>\n            <\/div>\n        <\/div><div class=\"eael-entry-wrapper\"><header class=\"eael-entry-header\"><h2 class=\"eael-entry-title\"><a class=\"eael-grid-post-link\" href=\"https:\/\/flo.org.pl\/index.php\/2025\/03\/04\/1256\/\" title=\"Druga edycja og\u00f3lnopolskiej kampanii spo\u0142ecznej \u201eOty\u0142o\u015b\u0107 to choroba. Nie oceniaj, nie odchudzaj, tylko lecz.\u201d\">Druga edycja og\u00f3lnopolskiej kampanii spo\u0142ecznej \u201eOty\u0142o\u015b\u0107 to choroba. Nie oceniaj, nie odchudzaj, tylko lecz.\u201d<\/a><\/h2><\/header><div class=\"eael-entry-content\">\n                        <div class=\"eael-grid-post-excerpt\"><p>Ruszy\u0142a druga edycja og\u00f3lnopolskiej kampanii spo\u0142ecznej \u201eOty\u0142o\u015b\u0107 to choroba. Nie...<\/p><a href=\"https:\/\/flo.org.pl\/index.php\/2025\/03\/04\/1256\/\" class=\"eael-post-elements-readmore-btn\">Read More<\/a><\/div>\n                    <\/div><div class=\"eael-entry-footer\"><div class=\"eael-author-avatar\"><a href=\"https:\/\/flo.org.pl\/index.php\/author\/ewa-godlewska\/\"><img alt='Ewa Godlewska' src='https:\/\/secure.gravatar.com\/avatar\/4e5370b4d13331392076bddd861dc0d39cd29a56a7b9def2b3c5024043f6e894?s=96&#038;d=mm&#038;r=g' srcset='https:\/\/secure.gravatar.com\/avatar\/4e5370b4d13331392076bddd861dc0d39cd29a56a7b9def2b3c5024043f6e894?s=192&#038;d=mm&#038;r=g 2x' class='avatar avatar-96 photo' height='96' width='96' \/><\/a><\/div><div class=\"eael-entry-meta\"><span class=\"eael-posted-by\"><a href=\"https:\/\/flo.org.pl\/index.php\/author\/ewa-godlewska\/\" title=\"Wpisy od Ewa Godlewska\" rel=\"author\">Ewa Godlewska<\/a><\/span><span class=\"eael-posted-on\"><time datetime=\"2025-03-04\">2025-03-04<\/time><\/span><\/div><\/div><\/div><\/div>\n        <\/div>\n    <\/article><\/div>\n            <div class=\"clearfix\"><\/div>\n        <\/div>\t\t\t\t<\/div>\n\t\t\t\t\t<\/div>\n\t\t\t\t<\/div>\n\t\t\t\t<\/div>\n\t\t","protected":false},"excerpt":{"rendered":"<p>Informacje prasowe \u201eOkr\u0105g\u0142y St\u00f3\u0142 Ekspert\u00f3w\u201d w Senacie RP z okazji \u015awiatowego Dnia Oty\u0142o\u015bci Z okazji \u015awiatowego Dnia Oty\u0142o\u015bci 6 marca w Senacie RP&#8230; Read More Ewa Godlewska2025-03-07 Gra w klasy &hellip; <\/p>\n","protected":false},"author":6,"featured_media":0,"parent":0,"menu_order":0,"comment_status":"closed","ping_status":"closed","template":"","meta":{"footnotes":""},"class_list":["post-2546","page","type-page","status-publish","hentry","has-meta has-sticky-meta"],"rttpg_featured_image_url":null,"rttpg_author":{"display_name":"Katarzyna W\u00f3jcik","author_link":"https:\/\/flo.org.pl\/index.php\/author\/kwojcik\/"},"rttpg_comment":0,"rttpg_category":"","rttpg_excerpt":"Informacje prasowe \u201eOkr\u0105g\u0142y St\u00f3\u0142 Ekspert\u00f3w\u201d w Senacie RP z okazji \u015awiatowego Dnia Oty\u0142o\u015bci Z okazji \u015awiatowego Dnia Oty\u0142o\u015bci 6 marca w Senacie RP&#8230; Read More Ewa Godlewska2025-03-07 Gra w klasy &hellip;","_links":{"self":[{"href":"https:\/\/flo.org.pl\/index.php\/wp-json\/wp\/v2\/pages\/2546","targetHints":{"allow":["GET"]}}],"collection":[{"href":"https:\/\/flo.org.pl\/index.php\/wp-json\/wp\/v2\/pages"}],"about":[{"href":"https:\/\/flo.org.pl\/index.php\/wp-json\/wp\/v2\/types\/page"}],"author":[{"embeddable":true,"href":"https:\/\/flo.org.pl\/index.php\/wp-json\/wp\/v2\/users\/6"}],"replies":[{"embeddable":true,"href":"https:\/\/flo.org.pl\/index.php\/wp-json\/wp\/v2\/comments?post=2546"}],"version-history":[{"count":7,"href":"https:\/\/flo.org.pl\/index.php\/wp-json\/wp\/v2\/pages\/2546\/revisions"}],"predecessor-version":[{"id":2558,"href":"https:\/\/flo.org.pl\/index.php\/wp-json\/wp\/v2\/pages\/2546\/revisions\/2558"}],"wp:attachment":[{"href":"https:\/\/flo.org.pl\/index.php\/wp-json\/wp\/v2\/media?parent=2546"}],"curies":[{"name":"wp","href":"https:\/\/api.w.org\/{rel}","templated":true}]}}