{"id":302,"date":"2023-07-10T09:57:10","date_gmt":"2023-07-10T07:57:10","guid":{"rendered":"https:\/\/flo.org.pl\/?page_id=302"},"modified":"2025-08-11T13:44:11","modified_gmt":"2025-08-11T11:44:11","slug":"wesprzyj-nas","status":"publish","type":"page","link":"https:\/\/flo.org.pl\/index.php\/wesprzyj-nas\/","title":{"rendered":"WESPRZYJ NAS"},"content":{"rendered":"\n<p><strong><mark style=\"background-color:rgba(0, 0, 0, 0)\" class=\"has-inline-color has-vivid-cyan-blue-color\">Wesprzyj dzia\u0142ania statutowe FLO &#8211; Fundacji na rzecz Leczenia Oty\u0142o\u015bci przekazuj\u0105c darowizn\u0119 na nasze konto bankowe:<\/mark><\/strong><\/p>\n\n\n\n<p>Bank: <strong>MBank<\/strong><\/p>\n\n\n\n<p>Nr Konta: <strong>70 1140 2004 0000 3002 8366 8328<\/strong><\/p>\n\n\n\n<p>SWIFT\/BIC: <strong>BREXPLPWMBK<\/strong><\/p>\n\n\n\n<p>Adres do korespondencji: <\/p>\n\n\n\n<p><strong>FLO &#8211; Fundacja na rzecz Leczenia Oty\u0142o\u015bci, ul. \u0141omia\u0144ska 3 \/ 4, 01-685 Warszawa, Polska<\/strong><\/p>\n\n\n\n<p><\/p>\n","protected":false},"excerpt":{"rendered":"<p>Wesprzyj dzia\u0142ania statutowe FLO &#8211; Fundacji na rzecz Leczenia Oty\u0142o\u015bci przekazuj\u0105c darowizn\u0119 na nasze konto bankowe: Bank: MBank Nr Konta: 70 1140 2004 0000 3002 8366 8328 SWIFT\/BIC: BREXPLPWMBK Adres &hellip; <\/p>\n","protected":false},"author":1,"featured_media":83,"parent":0,"menu_order":0,"comment_status":"closed","ping_status":"closed","template":"","meta":{"footnotes":""},"class_list":["post-302","page","type-page","status-publish","has-post-thumbnail","hentry","has-meta has-sticky-meta"],"rttpg_featured_image_url":{"full":["https:\/\/flo.org.pl\/wp-content\/uploads\/2022\/12\/19_12_2022_flo_www_grafiki_aktualnosci2.jpg",2533,337,false],"landscape":["https:\/\/flo.org.pl\/wp-content\/uploads\/2022\/12\/19_12_2022_flo_www_grafiki_aktualnosci2.jpg",2533,337,false],"portraits":["https:\/\/flo.org.pl\/wp-content\/uploads\/2022\/12\/19_12_2022_flo_www_grafiki_aktualnosci2.jpg",2533,337,false],"thumbnail":["https:\/\/flo.org.pl\/wp-content\/uploads\/2022\/12\/19_12_2022_flo_www_grafiki_aktualnosci2-150x150.jpg",150,150,true],"medium":["https:\/\/flo.org.pl\/wp-content\/uploads\/2022\/12\/19_12_2022_flo_www_grafiki_aktualnosci2-300x40.jpg",300,40,true],"large":["https:\/\/flo.org.pl\/wp-content\/uploads\/2022\/12\/19_12_2022_flo_www_grafiki_aktualnosci2-1024x136.jpg",740,98,true],"post-slider-thumb-size":["https:\/\/flo.org.pl\/wp-content\/uploads\/2022\/12\/19_12_2022_flo_www_grafiki_aktualnosci2-330x190.jpg",330,190,true],"post-category-slider-size":["https:\/\/flo.org.pl\/wp-content\/uploads\/2022\/12\/19_12_2022_flo_www_grafiki_aktualnosci2-330x337.jpg",330,337,true],"1536x1536":["https:\/\/flo.org.pl\/wp-content\/uploads\/2022\/12\/19_12_2022_flo_www_grafiki_aktualnosci2-1536x204.jpg",1536,204,true],"2048x2048":["https:\/\/flo.org.pl\/wp-content\/uploads\/2022\/12\/19_12_2022_flo_www_grafiki_aktualnosci2-2048x272.jpg",2048,272,true],"coachpress-lite-classic":["https:\/\/flo.org.pl\/wp-content\/uploads\/2022\/12\/19_12_2022_flo_www_grafiki_aktualnosci2-700x337.jpg",700,337,true],"coachpress-lite-classic-full":["https:\/\/flo.org.pl\/wp-content\/uploads\/2022\/12\/19_12_2022_flo_www_grafiki_aktualnosci2-1170x337.jpg",1170,337,true],"coachpress-lite-grid":["https:\/\/flo.org.pl\/wp-content\/uploads\/2022\/12\/19_12_2022_flo_www_grafiki_aktualnosci2-320x198.jpg",320,198,true],"coachpress-lite-grid-full":["https:\/\/flo.org.pl\/wp-content\/uploads\/2022\/12\/19_12_2022_flo_www_grafiki_aktualnosci2-535x331.jpg",535,331,true],"coachpress-lite-promo":["https:\/\/flo.org.pl\/wp-content\/uploads\/2022\/12\/19_12_2022_flo_www_grafiki_aktualnosci2-370x337.jpg",370,337,true],"coachpress-lite-service":["https:\/\/flo.org.pl\/wp-content\/uploads\/2022\/12\/19_12_2022_flo_www_grafiki_aktualnosci2-544x337.jpg",544,337,true],"coachpress-lite-client":["https:\/\/flo.org.pl\/wp-content\/uploads\/2022\/12\/19_12_2022_flo_www_grafiki_aktualnosci2-330x190.jpg",330,190,true],"coachpress-lite-slider":["https:\/\/flo.org.pl\/wp-content\/uploads\/2022\/12\/19_12_2022_flo_www_grafiki_aktualnosci2-1161x337.jpg",1161,337,true],"coachpress-lite-single":["https:\/\/flo.org.pl\/wp-content\/uploads\/2022\/12\/19_12_2022_flo_www_grafiki_aktualnosci2-740x337.jpg",740,337,true],"coachpress-lite-single-full":["https:\/\/flo.org.pl\/wp-content\/uploads\/2022\/12\/19_12_2022_flo_www_grafiki_aktualnosci2-1170x337.jpg",1170,337,true]},"rttpg_author":{"display_name":"flodmin","author_link":"https:\/\/flo.org.pl\/index.php\/author\/flodmin\/"},"rttpg_comment":0,"rttpg_category":null,"rttpg_excerpt":"Wesprzyj dzia\u0142ania statutowe FLO &#8211; Fundacji na rzecz Leczenia Oty\u0142o\u015bci przekazuj\u0105c darowizn\u0119 na nasze konto bankowe: Bank: MBank Nr Konta: 70 1140 2004 0000 3002 8366 8328 SWIFT\/BIC: BREXPLPWMBK Adres &hellip;","_links":{"self":[{"href":"https:\/\/flo.org.pl\/index.php\/wp-json\/wp\/v2\/pages\/302","targetHints":{"allow":["GET"]}}],"collection":[{"href":"https:\/\/flo.org.pl\/index.php\/wp-json\/wp\/v2\/pages"}],"about":[{"href":"https:\/\/flo.org.pl\/index.php\/wp-json\/wp\/v2\/types\/page"}],"author":[{"embeddable":true,"href":"https:\/\/flo.org.pl\/index.php\/wp-json\/wp\/v2\/users\/1"}],"replies":[{"embeddable":true,"href":"https:\/\/flo.org.pl\/index.php\/wp-json\/wp\/v2\/comments?post=302"}],"version-history":[{"count":5,"href":"https:\/\/flo.org.pl\/index.php\/wp-json\/wp\/v2\/pages\/302\/revisions"}],"predecessor-version":[{"id":1637,"href":"https:\/\/flo.org.pl\/index.php\/wp-json\/wp\/v2\/pages\/302\/revisions\/1637"}],"wp:featuredmedia":[{"embeddable":true,"href":"https:\/\/flo.org.pl\/index.php\/wp-json\/wp\/v2\/media\/83"}],"wp:attachment":[{"href":"https:\/\/flo.org.pl\/index.php\/wp-json\/wp\/v2\/media?parent=302"}],"curies":[{"name":"wp","href":"https:\/\/api.w.org\/{rel}","templated":true}]}}