{"id":548,"date":"2023-12-09T13:46:50","date_gmt":"2023-12-09T12:46:50","guid":{"rendered":"https:\/\/flo.org.pl\/?page_id=548"},"modified":"2025-12-03T15:56:09","modified_gmt":"2025-12-03T14:56:09","slug":"poradniki-komunikacji","status":"publish","type":"page","link":"https:\/\/flo.org.pl\/index.php\/poradniki-komunikacji\/","title":{"rendered":"S\u0141OWA, KT\u00d3RE KALECZ\u0104"},"content":{"rendered":"\n<p><strong>Co 2 Polak ma nadwag\u0119, a co 4 choruje na oty\u0142o\u015b\u0107. Cierpi na ni\u0105 ju\u017c 8 milion\u00f3w doros\u0142ych. Tak wygl\u0105daj\u0105 statystyki os\u00f3b zbadanych, a ile jest ich realnie? Ilu chorych nie dociera do gabinet\u00f3w lekarskich ? Zadajemy sobie to pytanie: dlaczego? Bo oty\u0142o\u015b\u0107 to najbardziej stygmatyzowana i dyskryminowana choroba. <\/strong><\/p>\n\n\n\n<p>Mimo wielu bada\u0144, kt\u00f3re jasno m\u00f3wi\u0105 o tym, \u017ce oty\u0142o\u015b\u0107 jest chorob\u0105, nadal pokutuje spo\u0142eczne przekonanie, \u017ce to wina os\u00f3b choruj\u0105cych, wynikaj\u0105ca z zaniedba\u0144, lenistwa i wielu innych negatywnych cech. Z dyskryminacj\u0105 chorzy mierz\u0105 si\u0119 ka\u017cdego dnia, a jednym z miejsc, w kt\u00f3rych do\u015bwiadczaj\u0105 przykrych, oceniaj\u0105cych komentarzy s\u0105 niestety tak\u017ce gabinety lekarskie. <\/p>\n\n\n\n<p>Zach\u0119camy do obejrzenia  filmu:<strong> \u201eS\u0142owa, kt\u00f3re kalecz\u0105\u201d. <\/strong>To materia\u0142, w kt\u00f3rym poznacie historie Pacjentek, choruj\u0105cych na oty\u0142o\u015b\u0107. Ka\u017cdej z Was dzi\u0119kujemy za wielkie zaanga\u017cowanie i odwag\u0119, by g\u0142o\u015bno m\u00f3wi\u0107 o tym, co nigdy nie powinno mie\u0107 miejsca. <\/p>\n\n\n\n<p>\u201eProjekt zrealizowany przez FLO- Fundacj\u0119 na Rzecz Leczenia Oty\u0142o\u015bci w partnerstwie z Novo Nordisk Pharma sp. z o.o. \u2013 organizatorem kampanii edukacyjnej \u201ePorozmawiajmy szczerze o oty\u0142o\u015bci\u201d.<\/p>\n\n\n\n<figure class=\"wp-block-embed is-type-video is-provider-youtube wp-block-embed-youtube wp-embed-aspect-16-9 wp-has-aspect-ratio\"><div class=\"wp-block-embed__wrapper\">\n<iframe title=\"S\u0142owa, kt\u00f3re kalecz\u0105 -  kampania \u201ePorozmawiajmy szczerze o oty\u0142o\u015bci\u201d\" width=\"740\" height=\"416\" src=\"https:\/\/www.youtube.com\/embed\/7oBtpWEMT6w?feature=oembed\" frameborder=\"0\" allow=\"accelerometer; autoplay; clipboard-write; encrypted-media; gyroscope; picture-in-picture; web-share\" referrerpolicy=\"strict-origin-when-cross-origin\" allowfullscreen><\/iframe>\n<\/div><\/figure>\n\n\n\n<p><\/p>\n\n\n\n<p class=\"has-text-align-center\">Broszura: <strong>\u201eS\u0142owa, kt\u00f3re nie stygmatyzuj\u0105 \u2013 jak m\u00f3wi\u0107 i pisa\u0107 o chorobie oty\u0142o\u015bciowej?\u201d<br>Kodeks Dobrych Praktyk Komunikacyjnych Dotycz\u0105cych Choroby Oty\u0142o\u015bciowej<\/strong><\/p>\n\n\n<div class=\"wp-block-image\">\n<figure class=\"aligncenter size-large is-resized\"><a href=\"https:\/\/flo.org.pl\/wp-content\/uploads\/2025\/11\/Poradnik-komunikacji-broszura-dla-mediow-pdf-212x300.jpg\"><img fetchpriority=\"high\" decoding=\"async\" width=\"772\" height=\"1024\" src=\"https:\/\/flo.org.pl\/wp-content\/uploads\/2025\/11\/FOTO-WWW-1-772x1024.png\" alt=\"\" class=\"wp-image-2252\" style=\"width:625px;height:auto\" srcset=\"https:\/\/flo.org.pl\/wp-content\/uploads\/2025\/11\/FOTO-WWW-1-772x1024.png 772w, https:\/\/flo.org.pl\/wp-content\/uploads\/2025\/11\/FOTO-WWW-1-226x300.png 226w, https:\/\/flo.org.pl\/wp-content\/uploads\/2025\/11\/FOTO-WWW-1-768x1019.png 768w, https:\/\/flo.org.pl\/wp-content\/uploads\/2025\/11\/FOTO-WWW-1-1158x1536.png 1158w, https:\/\/flo.org.pl\/wp-content\/uploads\/2025\/11\/FOTO-WWW-1-1543x2048.png 1543w, https:\/\/flo.org.pl\/wp-content\/uploads\/2025\/11\/FOTO-WWW-1-scaled.png 1929w\" sizes=\"(max-width: 772px) 100vw, 772px\" \/><\/a><\/figure>\n<\/div>\n\n\n<p class=\"has-text-align-center\"><strong><a href=\"https:\/\/flo.org.pl\/wp-content\/uploads\/2025\/11\/Poradnik-komunikacji-broszura-dla-mediow-1-scaled.jpg\">POBIERZ<\/a><\/strong><\/p>\n\n\n\n<p><\/p>\n","protected":false},"excerpt":{"rendered":"<p>Co 2 Polak ma nadwag\u0119, a co 4 choruje na oty\u0142o\u015b\u0107. Cierpi na ni\u0105 ju\u017c 8 milion\u00f3w doros\u0142ych. Tak wygl\u0105daj\u0105 statystyki os\u00f3b zbadanych, a ile jest ich realnie? Ilu chorych &hellip; <\/p>\n","protected":false},"author":5,"featured_media":83,"parent":0,"menu_order":0,"comment_status":"closed","ping_status":"closed","template":"","meta":{"footnotes":""},"class_list":["post-548","page","type-page","status-publish","has-post-thumbnail","hentry","has-meta has-sticky-meta"],"rttpg_featured_image_url":{"full":["https:\/\/flo.org.pl\/wp-content\/uploads\/2022\/12\/19_12_2022_flo_www_grafiki_aktualnosci2.jpg",2533,337,false],"landscape":["https:\/\/flo.org.pl\/wp-content\/uploads\/2022\/12\/19_12_2022_flo_www_grafiki_aktualnosci2.jpg",2533,337,false],"portraits":["https:\/\/flo.org.pl\/wp-content\/uploads\/2022\/12\/19_12_2022_flo_www_grafiki_aktualnosci2.jpg",2533,337,false],"thumbnail":["https:\/\/flo.org.pl\/wp-content\/uploads\/2022\/12\/19_12_2022_flo_www_grafiki_aktualnosci2-150x150.jpg",150,150,true],"medium":["https:\/\/flo.org.pl\/wp-content\/uploads\/2022\/12\/19_12_2022_flo_www_grafiki_aktualnosci2-300x40.jpg",300,40,true],"large":["https:\/\/flo.org.pl\/wp-content\/uploads\/2022\/12\/19_12_2022_flo_www_grafiki_aktualnosci2-1024x136.jpg",740,98,true],"post-slider-thumb-size":["https:\/\/flo.org.pl\/wp-content\/uploads\/2022\/12\/19_12_2022_flo_www_grafiki_aktualnosci2-330x190.jpg",330,190,true],"post-category-slider-size":["https:\/\/flo.org.pl\/wp-content\/uploads\/2022\/12\/19_12_2022_flo_www_grafiki_aktualnosci2-330x337.jpg",330,337,true],"1536x1536":["https:\/\/flo.org.pl\/wp-content\/uploads\/2022\/12\/19_12_2022_flo_www_grafiki_aktualnosci2-1536x204.jpg",1536,204,true],"2048x2048":["https:\/\/flo.org.pl\/wp-content\/uploads\/2022\/12\/19_12_2022_flo_www_grafiki_aktualnosci2-2048x272.jpg",2048,272,true],"coachpress-lite-classic":["https:\/\/flo.org.pl\/wp-content\/uploads\/2022\/12\/19_12_2022_flo_www_grafiki_aktualnosci2-700x337.jpg",700,337,true],"coachpress-lite-classic-full":["https:\/\/flo.org.pl\/wp-content\/uploads\/2022\/12\/19_12_2022_flo_www_grafiki_aktualnosci2-1170x337.jpg",1170,337,true],"coachpress-lite-grid":["https:\/\/flo.org.pl\/wp-content\/uploads\/2022\/12\/19_12_2022_flo_www_grafiki_aktualnosci2-320x198.jpg",320,198,true],"coachpress-lite-grid-full":["https:\/\/flo.org.pl\/wp-content\/uploads\/2022\/12\/19_12_2022_flo_www_grafiki_aktualnosci2-535x331.jpg",535,331,true],"coachpress-lite-promo":["https:\/\/flo.org.pl\/wp-content\/uploads\/2022\/12\/19_12_2022_flo_www_grafiki_aktualnosci2-370x337.jpg",370,337,true],"coachpress-lite-service":["https:\/\/flo.org.pl\/wp-content\/uploads\/2022\/12\/19_12_2022_flo_www_grafiki_aktualnosci2-544x337.jpg",544,337,true],"coachpress-lite-client":["https:\/\/flo.org.pl\/wp-content\/uploads\/2022\/12\/19_12_2022_flo_www_grafiki_aktualnosci2-330x190.jpg",330,190,true],"coachpress-lite-slider":["https:\/\/flo.org.pl\/wp-content\/uploads\/2022\/12\/19_12_2022_flo_www_grafiki_aktualnosci2-1161x337.jpg",1161,337,true],"coachpress-lite-single":["https:\/\/flo.org.pl\/wp-content\/uploads\/2022\/12\/19_12_2022_flo_www_grafiki_aktualnosci2-740x337.jpg",740,337,true],"coachpress-lite-single-full":["https:\/\/flo.org.pl\/wp-content\/uploads\/2022\/12\/19_12_2022_flo_www_grafiki_aktualnosci2-1170x337.jpg",1170,337,true]},"rttpg_author":{"display_name":"Ewa Godlewska","author_link":"https:\/\/flo.org.pl\/index.php\/author\/ewa-godlewska\/"},"rttpg_comment":0,"rttpg_category":null,"rttpg_excerpt":"Co 2 Polak ma nadwag\u0119, a co 4 choruje na oty\u0142o\u015b\u0107. Cierpi na ni\u0105 ju\u017c 8 milion\u00f3w doros\u0142ych. Tak wygl\u0105daj\u0105 statystyki os\u00f3b zbadanych, a ile jest ich realnie? Ilu chorych &hellip;","_links":{"self":[{"href":"https:\/\/flo.org.pl\/index.php\/wp-json\/wp\/v2\/pages\/548","targetHints":{"allow":["GET"]}}],"collection":[{"href":"https:\/\/flo.org.pl\/index.php\/wp-json\/wp\/v2\/pages"}],"about":[{"href":"https:\/\/flo.org.pl\/index.php\/wp-json\/wp\/v2\/types\/page"}],"author":[{"embeddable":true,"href":"https:\/\/flo.org.pl\/index.php\/wp-json\/wp\/v2\/users\/5"}],"replies":[{"embeddable":true,"href":"https:\/\/flo.org.pl\/index.php\/wp-json\/wp\/v2\/comments?post=548"}],"version-history":[{"count":17,"href":"https:\/\/flo.org.pl\/index.php\/wp-json\/wp\/v2\/pages\/548\/revisions"}],"predecessor-version":[{"id":2334,"href":"https:\/\/flo.org.pl\/index.php\/wp-json\/wp\/v2\/pages\/548\/revisions\/2334"}],"wp:featuredmedia":[{"embeddable":true,"href":"https:\/\/flo.org.pl\/index.php\/wp-json\/wp\/v2\/media\/83"}],"wp:attachment":[{"href":"https:\/\/flo.org.pl\/index.php\/wp-json\/wp\/v2\/media?parent=548"}],"curies":[{"name":"wp","href":"https:\/\/api.w.org\/{rel}","templated":true}]}}